6*o**3 + o**2 - 8*o + 21. Let d be a(-5). Calculate the greatest common divisor of u and d.
19
Let x(u) = 4*u**2 + 266*u - 5292. Let y be x(18). Calculate the highest common factor of y and 1152.
72
Suppose 0 = -103*z - 2*z + 4*z + 707. Let x = 11 - 7. Suppose -x*r = 33 - 257. Calculate the greatest common divisor of z and r.
7
Let u = 308 + -282. Suppose u*m - 2839 = 7691. What is the greatest common divisor of m and 45?
45
Let t(n) = -59*n + 166. Let c be t(0). Calculate the highest common divisor of 8 and c.
2
Let w(n) = n**3 + 25*n**2 + 44*n + 39. Let o be w(-22). Let h = o - 270. Calculate the highest common factor of h and 23.
23
Let j(r) = 6*r**3 - r**2 - 41*r + 93. Let g be j(3). Calculate the greatest common divisor of g and 4715.
41
Let d(x) = -10*x + 25. Let s be d(2). Suppose -4*y + h = -148, -3*h = s*y - 2*h - 194. Calculate the highest common factor of 494 and y.
38
Let x be (-6)/20 + 286317/290 - 1/1. Calculate the highest common divisor of 145 and x.
29
Let r(k) = 2*k**2 - 14*k - 6. Let m be r(8). Let g be (-92)/(-690) - 4046/(-30). What is the highest common divisor of g and m?
5
Suppose 179*w + 14722 = 10829 + 55803. Let f = 262 - 88. What is the highest common divisor of f and w?
58
Let n(s) = -4*s. Let p be n(-4). Let k = 8023 - 6967. What is the greatest common factor of k and p?
16
Suppose 2*s + 3*z - 5*z + 16 = 0, z = -s. Let k be s/2*(-36)/8. What is the greatest common divisor of 5 and k?
1
Suppose 1732*z = 1795*z - 13230. Calculate the highest common factor of z and 3390.
30
Let k(i) = 12*i**2 - 40*i + 8. Let d be -26 + 29 - (1 + -2). Let z be k(d). What is the greatest common factor of z and 5?
5
Let h be (-3 + 3*-7)/(4/(-66)). Let r be h*(3 + 32/(-12)). Calculate the highest common factor of r and 108.
12
Suppose 0 = 332*v - 69*v - 56545. Calculate the greatest common divisor of 43 and v.
43
Let l be 175/(-105)*(-1710)/50. What is the highest common factor of l and 133?
19
Let v be (552/(-9))/(2/6*-2). Let k = v + -70. Suppose -5*m + k = -3*x + x, 4*m - 40 = -4*x. Calculate the greatest common divisor of 30 and m.
6
Let m(i) = -2*i**3 - 54*i**2 - 64*i - 192. Let u be m(-26). Calculate the highest common factor of 75 and u.
15
Suppose -2*r = -4 - 0. Let x(c) = -3*c**3 + 5*c**2 + 10*c + 8. Let f be x(3). Calculate the highest common divisor of f and r.
2
Suppose 4*z - 4*r - 134 = 278, 325 = 3*z + 5*r. What is the greatest common divisor of z and 270?
15
Let s(c) = c**2 - 2*c**2 + 2*c**3 - 6919 + 6971. Let u be s(0). What is the greatest common factor of 130 and u?
26
Let s(f) = 445*f + 3026. Let q be s(-7). Suppose x = -x - 4*h - 126, -2*h = 4*x + 276. Let k = x - q. Calculate the greatest common factor of k and 6.
6
Let f be 5 + 1 - (1 + 0). Let l be (f - 42)/(0 + -1). Let j = -963 + 1259. Calculate the highest common factor of j and l.
37
Suppose 17 + 38 = c. Suppose 3*h + 2*p = 29, -5*h + 0*p + c = 2*p. Let b = 35 - -17. Calculate the highest common divisor of b and h.
13
Suppose 27*h - 474 = -h + 814. What is the highest common factor of 2162 and h?
46
Let d(w) = 188*w - 539. Let m be d(3). Calculate the highest common divisor of 450 and m.
25
Suppose 6*f = -7 + 205. Let s be 1/((-4)/1496)*(-10)/20. What is the greatest common factor of s and f?
11
Suppose -394*f + 391*f = 5*t - 93, 19 = t + f. Calculate the highest common divisor of 1350 and t.
18
Let t = -1637 + 15712. Calculate the greatest common divisor of t and 25.
25
Let o(l) = 17*l - 10. Let v be o(3). Let b(x) = 36*x - 8 + 2 - v*x. Let q be b(-3). What is the greatest common divisor of q and 1?
1
Suppose -328 = -118*q + 110*q + 1600. Calculate the greatest common divisor of 2 and q.
1
Let o be (-1597)/(-1) + -4 - -7. Suppose -o = -23*h + 13*h. What is the highest common factor of h and 64?
32
Let i be -1*(-2)/(-2)*3*56/(-8). What is the highest common divisor of 4718 and i?
7
Let w = 566 - 557. Suppose w = 9*u - 0. What is the highest common factor of u and 37?
1
Suppose 2743*b = 2725*b + 17712. Calculate the greatest common factor of b and 574.
82
Let m(b) = -b**3 - 21*b**2 + 18*b - 86. Suppose 4*f + 374 = -13*f. Let c be m(f). Calculate the greatest common factor of c and 74.
2
Let f = -297 + 314. Suppose -64 = -4*i - 2*k, -18*k + f*k - 48 = -3*i. What is the greatest common divisor of i and 16?
16
Let t(v) = 3*v**2 - 13*v - 36. Let u(z) = 2*z**3 + 6*z**2 + 7*z + 1. Let n be u(-2). Let x be t(n). What is the greatest common divisor of 8 and x?
8
Let h = -481 - -483. Suppose 2*t = -5*z - h*t + 460, -2*t = 3*z - 274. What is the highest common divisor of z and 22?
22
Let s = 13643 + -13592. What is the highest common factor of 354 and s?
3
Let k = 170 + -166. Suppose -247 = k*w - 2*x - 683, 0 = -5*x + 20. Calculate the greatest common factor of 148 and w.
37
Suppose 0 = z - 4*z + 6. Suppose 0 = 3*f - 4*a - 0*a - z, 5*a - 7 = -f. Let w be -1*(-1)/(3/102) + f. Calculate the highest common divisor of 324 and w.
36
Suppose 4*j + 541 = 4*f + 1245, -j + 3*f + 164 = 0. Calculate the greatest common factor of 494 and j.
26
Suppose -57 = -33*j + 339. Suppose -24 = -0*d - d. Suppose -2*i = i - d. Calculate the greatest common divisor of i and j.
4
Let i = 91 - 51. Suppose -p + 4*p = 72. Let b be (-174)/(-18) - (-3 + p/9). What is the greatest common divisor of i and b?
10
Suppose o + 96 = 114. Let f(j) = -5 + 17 + 3 + j**2 - 6 - 17*j. Let m be f(o). Calculate the highest common factor of 45 and m.
9
Let p = -5145 + 5221. What is the greatest common divisor of 6004 and p?
76
Let r = 273 + -274. Let z be (-8645)/(-45) - (4/(-36))/r. What is the greatest common divisor of z and 120?
24
Let w = 6538 + -5598. What is the highest common factor of 80 and w?
20
Let r = -20628 + 20723. What is the greatest common factor of 85 and r?
5
Let x be 2/(-8) + 522/8. Suppose d = 2*z + 10, 32*z = 38*z + d + 6. Let k be 4 + x/(-25) + z/5. Calculate the greatest common factor of k and 11.
1
Let o(w) = 4*w + 100. Let h be o(-12). Let n = -826 - -1242. Calculate the highest common factor of h and n.
52
Let z be 25/15 + (-2)/(-6). Suppose -i - 5*d = -z*i + 79, 3*i - 255 = -3*d. Suppose 58*r - 12 = 57*r. Calculate the highest common divisor of r and i.
12
Suppose 105 = 4*d - 3*u, 3*d + 2*d - 2*u - 140 = 0. Let k be 165 + (-8)/2 + 4. Let o be 2/45*3 - (-6578)/k. What is the highest common factor of o and d?
10
Suppose 2*u + 100 = 4*r, -5*u - 48 - 10 = -2*r. Let m be 4 + (1 - (25 + -4)). Let w = r + m. What is the greatest common factor of 4 and w?
4
Let l(r) = -4 + 3*r**2 - 9 + 5 + 4*r + 23. Let x be l(-5). Calculate the greatest common divisor of 28 and x.
14
Suppose 179*l + 10908 = 482*l. Let d be 0 + (-84)/((-2)/2). What is the greatest common factor of l and d?
12
Suppose -29*a + 2*a + 874 + 746 = 0. What is the greatest common factor of 65 and a?
5
Let w(k) = -5*k**3 + 29*k**2 + 4*k + 44. Let s be w(6). What is the greatest common factor of s and 272?
16
Suppose 0*l + 42 = 6*l. Suppose -2*q = -l*q + 195. Suppose 45 + q = 7*o. What is the highest common divisor of o and 30?
6
Suppose -c + 240 = 40. Let h(d) = 2*d**3 - d**2 + 4*d + 500. Let z be h(0). Calculate the highest common divisor of c and z.
100
Let b be (-3)/(2 - 20) - 4340/(-168). What is the highest common factor of 458 and b?
2
Suppose 7*k - 3*k = 8. Let q(g) = 25*g**2 - 3. Let m be q(k). Let f = 147 - m. Calculate the greatest common factor of 20 and f.
10
Suppose -4*n = 4*n - 75*n + 461295. What is the highest common divisor of 30 and n?
15
Let h = 51 - 47. Let t be 442/(-8) + ((-26)/(-8) - h). Let c be (t/42)/(-1 - (-74)/78). Calculate the greatest common factor of 65 and c.
13
Let y(x) = 14*x**2 + 9*x - 102. Let o be y(7). Let t = o + -196. Calculate the highest common factor of t and 41.
41
Let u be 267/99*6 - ((-64)/(-44))/8. Suppose -2*h = 4*k - 844 + 220, -316 = -h - 3*k. What is the highest common divisor of u and h?
16
Let b(j) = -2*j**2 - 184*j - 675. Let l be b(-86). What is the highest common factor of l and 323?
17
Suppose w = 144 - 59. Suppose -9*n + 698 + 373 = 0. What is the greatest common factor of n and w?
17
Let g(k) = -52*k**2 - 523*k + 32. Let f be g(-10). What is the highest common divisor of f and 93?
31
Let z be 968/12 - 2/(-6). Let q(u) = 16*u + 79. Let a(p) = p + 2. Let w(t) = 4*a(t) + q(t). 